ne p(-2).
7
Let v(d) = 3*d + 4. Let l be v(-3). Let p(w) = -3*w**3 - w**2 + w. Let i(o) = -14*o**3 + 5*o + 4. Let x(n) = -i(n) + 5*p(n). Calculate x(l).
-4
Let h(s) be the second derivative of -s**3/6 + s**2/2 + 2*s. Suppose 0*k = 2*k + 8. Let g(l) = -l**2 - l + 7. Let v be g(k). What is h(v)?
6
Let v(i) = -i**3 + 7*i**2 - 7*i + 5. Let k be 435/18 + (-1)/6. Suppose k = 6*d - 2*d. Give v(d).
-1
Let i(a) = a**2 + 8*a + 9. Let s(p) be the third derivative of -p**5/20 - p**4/6 - p**3/3 - 3*p**2. Let t be s(-2). Give i(t).
-3
Suppose -638 = 3*r - 644. Suppose 2*w + 3*p = -10, -2*w + 2*p = -w + 5. Let l be 12/w*(-5)/r. Let n(t) = -t**3 + 6*t**2 + 2*t - 9. Determine n(l).
3
Let n(k) = 14*k - 18*k**2 - 4*k + 4 - 9*k + 16*k**2. Let w be 1*(-2)/(-2)*-1. Let x = w + 4. Calculate n(x).
-11
Let y(n) be the first derivative of n + 25 + 1/3*n**3 + 7/2*n**2. What is y(-5)?
-9
Let a(b) = -48*b**3 - 2*b - 5 + 0*b**2 + 0*b - 2*b**2 + 47*b**3. Let i be a(-2). Let l(t) = 3*t**2. Give l(i).
3
Let z(u) = -2*u**2 - 5*u + 3. Let r be ((-112)/(-84))/((-3)/9). What is z(r)?
-9
Suppose -5*i + n + 4*n + 80 = 0, -4*n = 3*i - 20. Suppose 0 = i*v - 14*v - 6. Let c(s) = s**2 - 2*s - 3. What is c(v)?
12
Let j be ((-1)/(-2))/(2/(-20)). Let c(q) be the second derivative of 61*q + 0 - 3/2*q**2 + 1/6*q**3. Determine c(j).
-8
Let x(u) = -u + 4 + 1 - 1. Suppose -2*h + 115 = -4*j + 107, 1 = 2*h + 3*j. Determine x(h).
2
Suppose 5*v - 4*v = -6. Let w(y) = -5*y**2 + 28*y - 39. Let j(o) = 2*o**2 - 10*o + 14. Let m(f) = -8*j(f) - 3*w(f). What is m(v)?
-7
Let o(y) = 6*y - 11 + 9 - 12*y**2 + y + 11*y**2. Let b = 2 + 3. Give o(b).
8
Let m(d) = d**3 - 2*d + 3. Let y = -121 - -123. Calculate m(y).
7
Let i(p) = 5 + 73*p - p**3 - 73*p + 10*p**2. Let f be i(10). Let t(b) be the first derivative of b**2/2 + 2*b + 1. Calculate t(f).
7
Let f(x) = x**2 + 7*x - 16. Suppose -3*o + 48 = -5*l, 2*l + 5*o = l - 4. What is f(l)?
2
Let o(t) = -t**3 - 11*t**2 + 8*t - 8. Suppose -v + 2*p = -56 + 66, 0 = -v - 2*p - 14. Calculate o(v).
40
Let j be (-6*3/15)/((-4)/(-20)). Let w(m) be the first derivative of -4*m + 7/2*m**2 + 1/3*m**3 + 7. Give w(j).
-10
Suppose 22 = 2*i - 4*j, 5*j - 2*j + 21 = 3*i. Let p(y) be the second derivative of -5*y + 0 - 1/2*y**2 - y**i. Determine p(-1).
5
Let n(g) = -g - 2. Let j(s) = s**2 + 10*s. Let q be j(-9). Calculate n(q).
7
Let h(a) = 6*a - 20. Let n(b) = -b + 4. Let z(x) = -2*h(x) - 11*n(x). Let f be z(-11). Let m(j) = f*j**2 + 5 - 5*j + 0*j**2 - j**3 + 1. Give m(6).
12
Let v(i) = -i**3 - 6*i**2 - 4*i + 3. Let d(m) = m - 1. Let u(p) = 6*d(p) + v(p). Let c = 54 + -60. What is u(c)?
-15
Let n(s) be the second derivative of -s**6/36 - s**4/24 + 13*s**3/6 + 23*s. Let v(g) be the second derivative of n(g). Calculate v(-1).
-11
Let c be ((-4)/7)/((-8)/56). Let n(i) = -i - c + 0*i**2 - i**2 + 0*i**2. Determine n(-3).
-10
Let g(u) be the second derivative of u**3/3 + 5*u**2 + 122*u + 2. Give g(-6).
-2
Let h be 368/88 + 2/(-11). Suppose j + 2*w = 5 + 7, 5*j - 18 = h*w. Let t(m) = m**2 - 6*m + 2. Calculate t(j).
2
Suppose 5*a - 4*g + 34 = 0, -28 = 3*a + g - 11. Let r(v) = -v**2 - 5*v + 6. Calculate r(a).
0
Let g(i) be the first derivative of 1/3*i**3 + i + 3*i**2 + 4. Let s(f) = -4*f + 12. Let l be s(4). What is g(l)?
-7
Let g be 7/2 - (-3)/6. Let d(h) = -2*h**3 - h + 2. Let n be d(-2). Let z(f) = 21 + n + f - 41. Calculate z(g).
4
Let j(t) be the first derivative of t**4/4 - 5*t**3/3 + 2*t + 7. Give j(4).
-14
Let a(b) = -3 - 4 - 2*b + 2 + 1. Suppose 0 = 4*t - 14 - 2. Suppose 2*c + 4 = -t. What is a(c)?
4
Let u(x) = x**3 - 14*x**2 + 11*x + 30. Let t(p) = p**3 - 33*p**2 - 2*p + 79. Let i be t(33). What is u(i)?
4
Let d(c) = -3*c**3 + 18*c**2 + 10*c + 1. Let i(k) = k**3 - 6*k**2 - k. Let v(z) = d(z) + 4*i(z). Give v(6).
37
Let g(j) = 4 + 29 + 37*j + 28 - 34*j. Let n be g(-22). Let q(a) = a**3 + 6*a**2 + a - 3. Calculate q(n).
17
Let g(h) be the second derivative of h**4/12 + 5*h**3/2 - 3*h**2/2 - 15*h - 11. Determine g(-13).
-29
Let i(q) be the first derivative of q**2 - 2*q + 192. Calculate i(5).
8
Let p be (1 + -1)/(17/(102/(-12))). Let q(d) be the third derivative of -1/3*d**3 + 0 - 1/24*d**4 - d**2 + p*d. Determine q(-5).
3
Let x(a) = a + 13. Suppose -29*b = -31*b. Calculate x(b).
13
Let m(c) = -7*c + 2. Let z(f) = 11*f - 3. Let q(y) = 8*m(y) + 5*z(y). Let w be ((-112)/21)/((-2)/(-3)). Give q(w).
9
Let s(f) = f - 7. Suppose -5*y + 2*y + 2*l + 32 = 0, 0 = 5*y - l - 51. Suppose y = v + 16. Calculate s(v).
-13
Let j(o) = o**2 - 4 + 1 + 1 - 6. Let k(g) = g**3 - 7*g**2 - 7*g - 8. Let s be k(8). Calculate j(s).
-8
Suppose 0 = -5*f + 20, 0 = -v - v + 3*f + 4. Let n(a) be the second derivative of 0 - 3/20*a**5 - 1/12*a**4 - v*a + 1/2*a**2 + 0*a**3. Determine n(1).
-3
Let s(g) = 0*g - 6*g + 181 - 176 - 3*g. Give s(2).
-13
Let d(a) = -15*a - 9. Let y(q) = -15*q - 12. Let j(p) = 4*d(p) - 3*y(p). Determine j(1).
-15
Suppose -9*f + 20 = -4*f. Suppose m = -3*i + 21, 0 = 5*m + 3*i - f - 41. Let j(c) be the third derivative of -c**4/12 + c**3/2 - 5*c**2. Determine j(m).
-9
Let t = -11 - -12. Let s(q) = 7*q**3 + 1. Let o be s(t). Let m(h) = -52 + 2*h**2 - 8*h - h**2 - h + 57. Calculate m(o).
-3
Let p(x) be the third derivative of 5*x**4/24 + 4*x**3/3 + 285*x**2. Calculate p(-5).
-17
Suppose -v + 1 = 6. Let b(x) be the second derivative of x**2 - 3*x + 0 + 1/12*x**4 + x**3. Give b(v).
-3
Suppose 0*m + 8 = m - 3*n, -2*n = 3*m - 13. Suppose 2*z = 4*t + 46, -m - 5 = 2*t. Let v(w) = -4*w**2 - 6 + w**3 - 7*w - 3 + z*w**2 - 4*w**2. Give v(-6).
-3
Let v(w) = -12*w**3 + w**2 - 4*w. Let b = -8 + 1. Let x(n) = 24*n**3 - 2*n**2 + 9*n. Let d(m) = b*v(m) - 3*x(m). Suppose -3*i - 4 + 7 = 0. Give d(i).
12
Let r(u) = u**3 - u**2 + u - 35. Suppose 0 = 4*d + 20, -4*n + 12 - 2 = -2*d. Calculate r(n).
-35
Suppose -5*y = 11*b - 13*b - 71, -4*y - b = -62. Let d be ((-8)/(-5))/(2/10). Let h = y - d. Let k(p) = -p + 14. Give k(h).
7
Let j(u) = -u + 7. Let c = -79 - -88. Calculate j(c).
-2
Suppose 2*i = -4*l + 10, 3 = 3*i - 6*i. Let s(y) = 2*y + y - 5*y + 2 - l*y**2. Give s(-2).
-6
Let v(s) = s**2 + 6*s - 6. Suppose -6*t + 4*t + 8 = 0. Suppose f - 4*w = -3*f - 132, 2*f + 84 = -t*w. Let l = f + 30. What is v(l)?
-6
Let c(y) = 0*y**2 - 3*y - 22 + 17 + y**2. Let x = 37 - 32. Calculate c(x).
5
Let b(i) = i**2 - 3*i - 8. Suppose 31*n + 3*n - 238 = 0. Calculate b(n).
20
Let g(u) = -3*u**2 - 3*u - 3. Let p = 53 - 50. Let z(r) = -2*r**2 - 2*r - 2. Let m(v) = p*g(v) - 4*z(v). Determine m(-2).
-3
Let y(b) = b**2 - b + 1. Suppose -g + 2*g = 3. Suppose -5 = -x - g. Let q be x/10 - (-12)/15. Determine y(q).
1
Suppose m - 3*m - 8 = -3*h, -2*m + 16 = h. Let y(g) = g - 9 - h - 8 + 14. Determine y(5).
-4
Let a(m) = -m - 1. Let f be a(2). Let t(h) = -h**2 + 5*h - 1. Let o = 6 + -7. Let v(d) = -d**2 + d + 1. Let r(p) = o*t(p) + 2*v(p). What is r(f)?
3
Let b(x) be the first derivative of -1/24*x**4 + 0*x**3 + 0*x - 4*x**2 - 2. Let h(g) be the second derivative of b(g). Calculate h(-1).
1
Let a(t) = t**3 - 5*t**2 - 6*t + 1. Let n(j) = j**3 - 6*j**2 + 3*j - 12. Let k(m) = -m**2 + 7*m + 14. Let r be k(8). Let w be n(r). Determine a(w).
1
Suppose -2*m = -3 - 1, 3*d - 5*m = 14. Let y(n) = -n**3 + 9*n**2 - 7*n. Determine y(d).
8
Suppose -5*c + 794 = -631. Let r be c/55 + 6/(-33). Let k(s) = -1 + s - 4 + 3 - r. Determine k(5).
-2
Suppose 0 = -4*w - b + 6*b - 11, b = -5*w + 8. Let p(c) = -2*c**3. Let j be p(-1). Let d(o) = -2*o**j + 7*o**2 - 6 + 5. What is d(w)?
4
Let i(z) = z**2 - 4*z - 8. Let f(q) = q**3 - 11*q**2 - 10*q - 18. Let s be 21 - 6 - (4 + -1). Let v be f(s). Determine i(v).
4
Let a(z) = -3*z + 14*z - 6*z - 7*z. Determine a(-2).
4
Let x(a) = -2*a - 5. Let d be x(-4). Let u be 3 + (1 - (d - 2)). Let s(y) = 5 - 3 + 4*y**2 - 4*y**3 + 5*y**3 - u*y + 4*y. What is s(-4)?
-2
Let c(o) = 29*o - 66*o + 7*o**2 + 30*o - 11. Let i(s) = 11*s**2 - 11*s - 16. Let t(f) = -8*c(f) + 5*i(f). What is t(0)?
8
Let m = 11 - -4. Let x be (-3)/(-2)*20/m. Let q(r) = 0 + 0 - x*r**2 - 3*r**2. What is q(-1)?
-5
Let v(o) be the third derivative of -o**5/60 + 7*o**4/24 - 4*o**3/3 - o**2. Let a be -8 + 4*28/8. Calculate v(a).
-2
Let a(n) = -2*n - 9. Let u be a(-6). Let s(x) = -3*x + 10. What is s(u)?
1
Let j(t) = -t**3 - 10*t**2 + 6*t + 7. Suppose -130*x + 143*x + 130 = 0.